{"id":292,"date":"2020-12-22T15:42:54","date_gmt":"2020-12-22T14:42:54","guid":{"rendered":"http:\/\/axohm.com\/?page_id=292"},"modified":"2021-08-18T16:12:20","modified_gmt":"2021-08-18T14:12:20","slug":"prerequis-pour-linstallation","status":"publish","type":"page","link":"http:\/\/axohm.com\/index.php\/prerequis-pour-linstallation\/","title":{"rendered":"Pr\u00e9requis pour l&rsquo;installation"},"content":{"rendered":"\n<p class=\"has-text-align-center has-text-color has-medium-font-size\" id=\"block-b4bd5a0a-ee06-4d2e-ae47-203e597b3020\" style=\"color:#4a5052\"><em><br><\/em><span style=\"color:#44494c\" class=\"has-inline-color\"><strong>Comment bien r\u00e9ussir son installation de t\u00e9l\u00e9phonie sur IP&nbsp;?<\/strong><\/span><\/p>\n\n\n\n<p class=\"has-text-align-center\" id=\"block-8c9e82b0-d38e-4206-819e-615c57451efa\">Il est important de garder en m\u00e9moire que dans la technologie de t\u00e9l\u00e9phonie sur IP (VOIP), les t\u00e9l\u00e9phones se connectent sur le r\u00e9seau local de l\u2019entreprise (LAN), se comportent sur ce m\u00eame r\u00e9seau comme un PC et auront besoin d\u2019obtenir une adresse IP (r\u00e9seau) soit automatiquement (DHCP), soit de l\u2019attribuer manuellement.<\/p>\n\n\n\n<div id=\"block-77601a10-7ccf-4953-b66d-6431f9eef4a2\" class=\"wp-block-image\"><figure class=\"aligncenter is-resized\"><img fetchpriority=\"high\" decoding=\"async\" src=\"http:\/\/axohm.com\/wp-content\/uploads\/2020\/11\/schema-voip.png\" alt=\"L\u2019attribut alt de cette image est vide, son nom de fichier est schema-voip.png.\" width=\"324\" height=\"233\"\/><\/figure><\/div>\n\n\n\n<p class=\"has-text-align-center\" id=\"block-c3aef14d-2f08-47a0-8beb-f4b4367ba4e5\">Cela signifie que pour connecter vos t\u00e9l\u00e9phones IP sur votre r\u00e9seau, il faut donc respecter les m\u00eames r\u00e8gles et contraintes que pour connecter un PC en r\u00e9seau.<\/p>\n\n\n\n<p class=\"has-text-align-center\" id=\"block-6281ca2d-4016-477a-956b-7429b3d9e9c0\">Par cons\u00e9quent, avant tout d\u00e9ploiement, il est indispensable de s\u2019assurer que vous disposez d\u2019un r\u00e9seau conforme \u00e0 vos futurs besoins.<\/p>\n\n\n\n<p class=\"has-text-align-center\" id=\"block-82127787-c007-457a-9c17-c5be25ec9cad\">Il est \u00e9vident que vos besoins varieront en fonction du nombre de postes t\u00e9l\u00e9phoniques que vous souhaitez installer sur votre site.<\/p>\n\n\n\n<p class=\"has-text-align-center\" id=\"block-b43d41f1-e116-4fa8-b310-cd3e2ed0ade4\" style=\"font-size:30px\"><span style=\"color:#4a5358\" class=\"has-inline-color\">La premi\u00e8re question \u00e0 se poser est&nbsp;:<\/span><\/p>\n\n\n\n<p class=\"has-text-align-center\" id=\"block-938ab591-2940-444d-b733-6d62deddf67f\" style=\"font-size:25px\"><strong>\u00ab&nbsp;ai-je assez de prises r\u00e9seau RJ45 disponibles dans mon r\u00e9seau pour connecter tous mes t\u00e9l\u00e9phones&nbsp;?\u00bb<\/strong><\/p>\n\n\n\n<p class=\"has-text-align-center\" id=\"block-3e15f1fe-184d-4767-905d-14737888c173\">Il faut savoir que g\u00e9n\u00e9ralement tous les t\u00e9l\u00e9phones fixes poss\u00e8dent un micro switch Ethernet permettant, une fois votre t\u00e9l\u00e9phone reli\u00e9 au r\u00e9seau, de pouvoir y connecter ensuite votre PC. Mais attention, ceci n\u2019est g\u00e9n\u00e9ralement pas possible pour les t\u00e9l\u00e9phones sans fil DECT.<\/p>\n\n\n\n<div id=\"block-acd5d677-bf0e-4ce2-918b-d73db199a20d\" class=\"wp-block-image\"><figure class=\"aligncenter is-resized\"><img decoding=\"async\" src=\"http:\/\/axohm.com\/wp-content\/uploads\/2020\/11\/rj45-prises.jpg\" alt=\"L\u2019attribut alt de cette image est vide, son nom de fichier est rj45-prises.jpg.\" width=\"334\" height=\"173\"\/><\/figure><\/div>\n\n\n\n<p class=\"has-text-align-center\" id=\"block-e51ec6c5-5494-4896-a888-66f3dc56c1ae\" style=\"font-size:30px\"><span style=\"color:#494d50\" class=\"has-inline-color\">La deuxi\u00e8me question  \u00e0 se poser est&nbsp;:<\/span><\/p>\n\n\n\n<p class=\"has-text-align-center\" id=\"block-672bb849-69a4-4de0-8cc8-04f406657af1\" style=\"font-size:25px\"><strong>\u00ab&nbsp;est-ce que la bande passante de mon r\u00e9seau est suffisante pour faire transiter sur ce m\u00eame \u00ab\u00a0tuyau\u00a0\u00bb les donn\u00e9es (data) et la voix (VOIP)&nbsp;?&nbsp;\u00bb<\/strong><\/p>\n\n\n\n<p class=\"has-text-align-center\" id=\"block-f492d650-cf3e-4303-8682-6f96c65e51a5\"><em>Ce qui am\u00e8ne tout naturellement \u00e0 se poser la question&nbsp;:<\/em><\/p>\n\n\n\n<p class=\"has-text-align-center\" id=\"block-5df840c9-1be7-40fb-ac9e-c8668121fea1\" style=\"font-size:25px\"><strong>\u00ab&nbsp;mon acc\u00e8s Internet est-il bien dimensionn\u00e9&nbsp;?&nbsp;\u00bb<\/strong><\/p>\n\n\n\n<p class=\"has-text-align-center\" id=\"block-2c00adf8-1f3c-4921-ab0b-b4e98b3d4b84\">Dans le cas d\u2019une solution externalis\u00e9e comme le Centrex, que nous pr\u00e9conisons en partenariat avec OpenIP, il faut tenir compte des besoins en bande passante utilis\u00e9s pour chaque poste. Il faut se baser sur 100Kbits par communication afin de s\u2019assurer d\u2019une marge.<\/p>\n\n\n\n<p class=\"has-text-align-center\" id=\"block-0ceba4d9-f9d8-408a-baa7-5938d6dccbf9\">Cela signifie que dans le cas d\u2019une connexion Internet en ADSL, o\u00f9 le d\u00e9bit montant (upload) ne d\u00e9passe pas 1Mo, au-del\u00e0 de trois postes t\u00e9l\u00e9phoniques, le d\u00e9bit Internet ne sera pas suffisant pour assurer une qualit\u00e9 audio satisfaisante et un confort de connexion \u00e0 internet.<\/p>\n\n\n\n<p class=\"has-text-align-center has-text-color has-medium-font-size\" id=\"block-63064d02-4085-40cf-b9ba-34e9afe66250\" style=\"color:#722d02\"><strong>Tester ma connexion ici:<\/strong><\/p>\n\n\n\n<p class=\"has-text-align-center\"><a href=\"https:\/\/www.degrouptest.com\/test-debit.php\" target=\"_blank\" rel=\"noreferrer noopener\">https:\/\/www.degrouptest.com\/test-debit.php<\/a><\/p>\n\n\n\n<p class=\"has-text-align-center\" id=\"block-ea439223-10a1-418c-b7fa-0813d26963b8\">Il faudra donc, si cela est possible, passer par une connexion Internet en fibre optique. Cette \u00e9ligibilit\u00e9 \u00e0 la connexion fibre optique peut \u00eatre effectu\u00e9e par nos soins.<\/p>\n\n\n\n<p class=\"has-text-align-center\" id=\"block-167ff59e-f6ce-4dac-a48b-76726cbab9db\">La voix est soumise \u00e0 des contraintes importantes sur les r\u00e9seaux et plus pr\u00e9cis\u00e9ment de latence, gigue et perte de paquets&nbsp;:<\/p>\n\n\n\n<p class=\"has-text-align-center\" id=\"block-de5bb503-0463-46a5-94b9-70580c69e2ec\"><strong>. Latence &lt; 100 ms sinon d\u00e9calage audio constat\u00e9 si elle est sup\u00e9rieure.<\/strong><\/p>\n\n\n\n<p class=\"has-text-align-center\" id=\"block-38d1aed1-f978-4107-98f2-972e7b596684\"><strong>. Gigue &lt; 20 ms sinon voix robotis\u00e9e si elle est sup\u00e9rieure<\/strong><\/p>\n\n\n\n<p class=\"has-text-align-center\" id=\"block-dd965da3-ff6a-4898-aa2a-484034ab8d31\"><strong>. Perte de paquets &lt; 1% sinon la voix est hachur\u00e9e si elle est sup\u00e9rieure.<\/strong><\/p>\n\n\n\n<p class=\"has-text-align-center\" id=\"block-74988be4-2b33-48cf-8a51-3da120c6d8c1\">Par ailleurs il est recommand\u00e9 d\u2019utiliser pour vos composants r\u00e9seaux des mat\u00e9riels professionnels&nbsp;: des switchs r\u00e9seaux POE (alimentation par le c\u00e2ble Ethernet) peuvent \u00eatre utilis\u00e9s pour alimenter \u00e9lectriquement vos t\u00e9l\u00e9phones, les fonctionnalit\u00e9s des switchs r\u00e9seaux param\u00e9trables comme la QOS (qualit\u00e9 de service) et les VLAN (r\u00e9seau local virtuel) peuvent apporter un gain significatif au bon fonctionnement de votre installation VOIP.<\/p>\n\n\n\n<div id=\"block-b6885b46-3560-4845-b68b-25549115a818\" class=\"wp-block-image\"><figure class=\"aligncenter is-resized\"><img decoding=\"async\" src=\"http:\/\/axohm.com\/wp-content\/uploads\/2020\/11\/hub-switch-8-ports-poe-trendnet-tpe-s44-ref_KT1128_3-1024x674.jpg\" alt=\"L\u2019attribut alt de cette image est vide, son nom de fichier est hub-switch-8-ports-poe-trendnet-tpe-s44-ref_KT1128_3-1024x674.jpg.\" width=\"305\" height=\"200\"\/><\/figure><\/div>\n\n\n\n<figure class=\"wp-block-image size-large is-resized\"><img loading=\"lazy\" decoding=\"async\" src=\"http:\/\/axohm.com\/wp-content\/uploads\/2020\/10\/white-2.png\" alt=\"\" class=\"wp-image-146\" width=\"24\" height=\"20\" srcset=\"http:\/\/axohm.com\/wp-content\/uploads\/2020\/10\/white-2.png 352w, http:\/\/axohm.com\/wp-content\/uploads\/2020\/10\/white-2-300x245.png 300w\" sizes=\"(max-width: 24px) 100vw, 24px\" \/><\/figure>\n\n\n\n<p class=\"has-text-align-center\" style=\"font-size:25px\"><strong>Et enfin il n\u2019est pas recommand\u00e9 d\u2019utiliser des box Internet grands publics comme les LiveBox, FreeBox, SFR Box et BBox.<\/strong><\/p>\n\n\n\n<!-- Global site tag (gtag.js) - Google Analytics -->\n<script async=\"\" src=\"https:\/\/www.googletagmanager.com\/gtag\/js?id=G-LN85BCGN4N\"><\/script>\n<script>\n  window.dataLayer = window.dataLayer || [];\n  function gtag(){dataLayer.push(arguments);}\n  gtag('js', new Date());\n\n  gtag('config', 'G-LN85BCGN4N');\n<\/script>\n","protected":false},"excerpt":{"rendered":"<p>Comment bien r\u00e9ussir son installation de t\u00e9l\u00e9phonie sur IP&nbsp;? Il est important de garder en m\u00e9moire que dans la technologie de t\u00e9l\u00e9phonie sur IP (VOIP), les t\u00e9l\u00e9phones se connectent sur le r\u00e9seau local de l\u2019entreprise (LAN), se comportent sur ce m\u00eame r\u00e9seau comme un PC et auront besoin d\u2019obtenir une &hellip; <\/p>\n","protected":false},"author":1,"featured_media":0,"parent":0,"menu_order":0,"comment_status":"closed","ping_status":"closed","template":"","meta":{"footnotes":""},"class_list":["post-292","page","type-page","status-publish","hentry"],"aioseo_notices":[],"_links":{"self":[{"href":"http:\/\/axohm.com\/index.php\/wp-json\/wp\/v2\/pages\/292","targetHints":{"allow":["GET"]}}],"collection":[{"href":"http:\/\/axohm.com\/index.php\/wp-json\/wp\/v2\/pages"}],"about":[{"href":"http:\/\/axohm.com\/index.php\/wp-json\/wp\/v2\/types\/page"}],"author":[{"embeddable":true,"href":"http:\/\/axohm.com\/index.php\/wp-json\/wp\/v2\/users\/1"}],"replies":[{"embeddable":true,"href":"http:\/\/axohm.com\/index.php\/wp-json\/wp\/v2\/comments?post=292"}],"version-history":[{"count":0,"href":"http:\/\/axohm.com\/index.php\/wp-json\/wp\/v2\/pages\/292\/revisions"}],"wp:attachment":[{"href":"http:\/\/axohm.com\/index.php\/wp-json\/wp\/v2\/media?parent=292"}],"curies":[{"name":"wp","href":"https:\/\/api.w.org\/{rel}","templated":true}]}}